7
List the prime factors of 12718060.
2, 5, 31, 73, 281
What are the prime factors of 525462?
2, 3, 7, 12511
List the prime factors of 839038.
2, 103, 4073
What are the prime factors of 9097117?
431, 21107
List the prime factors of 2626975.
5, 13, 59, 137
What are the prime factors of 9861959?
379, 26021
List the prime factors of 608781.
3, 307, 661
What are the prime factors of 155277?
3, 71
List the prime factors of 1734169.
61, 28429
What are the prime factors of 146770?
2, 5, 13, 1129
List the prime factors of 228056.
2, 29, 983
What are the prime factors of 6211213?
41, 197, 769
List the prime factors of 812581.
7, 11, 61, 173
What are the prime factors of 29257856?
2, 228577
List the prime factors of 5627282.
2, 2813641
What are the prime factors of 36010772?
2, 7, 1286099
List the prime factors of 556304.
2, 7, 4967
What are the prime factors of 5532843?
3, 59, 31259
What are the prime factors of 619148?
2, 154787
List the prime factors of 724722.
2, 3, 43, 53
What are the prime factors of 92515?
5, 18503
What are the prime factors of 444785?
5, 11, 8087
What are the prime factors of 20338380?
2, 3, 5, 103, 1097
List the prime factors of 1186004.
2, 479, 619
List the prime factors of 461711.
397, 1163
What are the prime factors of 107012?
2, 31, 863
List the prime factors of 237270.
2, 3, 5, 11, 719
List the prime factors of 430857.
3, 7, 977
List the prime factors of 960607.
73, 13159
List the prime factors of 4261993.
37, 127, 907
List the prime factors of 260404.
2, 65101
What are the prime factors of 84013?
29, 2897
List the prime factors of 122211.
3, 37, 367
List the prime factors of 1649502.
2, 3, 91639
List the prime factors of 4859102.
2, 2429551
What are the prime factors of 2284766?
2, 11, 17, 41, 149
List the prime factors of 8783617.
8783617
List the prime factors of 17985489.
3, 5995163
List the prime factors of 36503843.
36503843
What are the prime factors of 248477?
248477
List the prime factors of 103851.
3, 11, 1049
What are the prime factors of 3595846?
2, 1123, 1601
List the prime factors of 3016579.
31, 43, 73
List the prime factors of 409289.
409289
List the prime factors of 409872.
2, 3, 8539
List the prime factors of 6600256.
2, 13, 7933
What are the prime factors of 3141548?
2, 509, 1543
List the prime factors of 6237034.
2, 269, 11593
List the prime factors of 3553245.
3, 5, 281
List the prime factors of 2288062.
2, 7, 163433
List the prime factors of 1912322.
2, 41, 23321
List the prime factors of 1587016.
2, 198377
List the prime factors of 938359.
938359
What are the prime factors of 361998?
2, 3, 7, 13, 17
List the prime factors of 1076007.
3, 358669
What are the prime factors of 381920?
2, 5, 7, 11, 31
List the prime factors of 38261144.
2, 23, 207941
What are the prime factors of 193131?
3, 23, 311
What are the prime factors of 116029?
29, 4001
What are the prime factors of 126658?
2, 7, 83, 109
List the prime factors of 1971948.
2, 3, 11, 14939
What are the prime factors of 841637?
841637
What are the prime factors of 24913148?
2, 13, 73, 6563
List the prime factors of 41298.
2, 3, 6883
List the prime factors of 398612.
2, 227, 439
List the prime factors of 643382.
2, 17, 127, 149
What are the prime factors of 3437478?
2, 3, 11, 643
What are the prime factors of 9468895?
5, 1893779
What are the prime factors of 1545502?
2, 7, 101, 1093
What are the prime factors of 9804?
2, 3, 19, 43
What are the prime factors of 1330173?
3, 13, 11369
What are the prime factors of 1266?
2, 3, 211
What are the prime factors of 146499?
3, 47, 1039
What are the prime factors of 2023356?
2, 3, 23, 7331
What are the prime factors of 2620316?
2, 61, 10739
List the prime factors of 246410.
2, 5, 41, 601
What are the prime factors of 1021595?
5, 204319
What are the prime factors of 4225096?
2, 528137
List the prime factors of 1094393.
31, 43, 821
What are the prime factors of 1154224?
2, 72139
List the prime factors of 1442638.
2, 721319
What are the prime factors of 382112?
2, 11941
What are the prime factors of 10018477?
7, 1431211
List the prime factors of 5414684.
2, 11, 109, 1129
What are the prime factors of 963506?
2, 481753
What are the prime factors of 72157?
59, 1223
What are the prime factors of 113733?
3, 12637
What are the prime factors of 6010843?
17, 23, 15373
What are the prime factors of 454028?
2, 223, 509
What are the prime factors of 1021095?
3, 5, 22691
List the prime factors of 5070161.
733, 6917
What are the prime factors of 2287390?
2, 5, 7, 41, 797
What are the prime factors of 2542380?
2, 3, 5, 42373
What are the prime factors of 22615078?
2, 89, 127051
What are the prime factors of 156047?
19, 43, 191
What are the prime factors of 4689518?
2, 17, 137927
What are the prime factors of 471913?
13, 31, 1171
What are the prime factors of 2229368?
2, 278671
What are the prime factors of 11671244?
2, 13, 19, 11813
List the prime factors of 78519.
3, 7, 3739
What are the prime factors of 2428166?
2, 13, 61, 1531
List the prime factors of 1279766.
2, 23, 43, 647
What are the prime factors of 6354924?
2, 3, 529577
What are the prime factors of 1279069?
11, 116279
What are the prime factors of 811755?
3, 5, 7, 859
What are the prime factors of 143620?
2, 5, 43, 167
What are the prime factors of 1867040?
2, 5, 7, 1667
List the prime factors of 430805.
5, 86161
What are the prime factors of 549107?
13, 42239
What are the prime factors of 1840602?
2, 3, 37, 8291
What are the prime factors of 311797?
17, 18341
List the prime factors of 23184578.
2, 11592289
List the prime factors of 31366829.
13, 2412833
What are the prime factors of 509633?
509633
List the prime factors of 9455810.
2, 5, 7, 13, 10391
List the prime factors of 12897.
3, 1433
What are the prime factors of 23615014?
2, 383, 30829
List the prime factors of 6605.
5, 1321
What are the prime factors of 228808?
2, 37, 773
What are the prime factors of 5232143?
7, 747449
List the prime factors of 218382.
2, 3, 17, 2141
List the prime factors of 83387.
61, 1367
What are the prime factors of 29180656?
2, 19, 95989
What are the prime factors of 8924915?
5, 17, 104999
List the prime factors of 1130943.
3, 11, 43, 797
What are the prime factors of 1099068?
2, 3, 67, 1367
List the prime factors of 12991962.
2, 3, 2165327
List the prime factors of 33732134.
2, 16866067
What are the prime factors of 8088110?
2, 5, 19, 42569
What are the prime factors of 333362?
2, 23, 7247
List the prime factors of 3267674.
2, 1633837
What are the prime factors of 3126037?
1669, 1873
What are the prime factors of 2729032?
2, 73, 4673
List the prime factors of 61606.
2, 30803
List the prime factors of 537193.
269, 1997
What are the prime factors of 226243?
233, 971
What are the prime factors of 4324176?
2, 3, 30029
What are the prime factors of 7582839?
3, 11, 47, 4889
What are the prime factors of 1654196?
2, 37, 11177
List the prime factors of 562805.
5, 31, 3631
What are the prime factors of 2138710?
2, 5, 7, 30553
What are the prime factors of 4719622?
2, 193, 12227
List the prime factors of 10611154.
2, 5305577
List the prime factors of 21676941.
3, 11, 13, 16843
List the prime factors of 4570071.
3, 11, 79, 1753
What are the prime factors of 23395?
5, 4679
What are the prime factors of 262933?
11, 41, 53
List the prime factors of 374768.
2, 59, 397
List the prime factors of 1315.
5, 263
List the prime factors of 426505.
5, 197, 433
What are the prime factors of 3209408?
2, 50147
List the prime factors of 1502999.
71, 21169
List the prime factors of 2440854.
2, 3, 13, 19, 61
List the prime factors of 5279987.
1873, 2819
List the prime factors of 668442.
2, 3, 37, 3011
What are the prime factors of 382926?
2, 3, 19, 3359
What are the prime factors of 4493590?
2, 5, 71, 6329
What are the prime factors of 582113?
7, 137, 607
List the prime factors of 4759323.
3, 197, 8053
What are the prime factors of 1335303?
3, 148367
List the prime factors of 2732062.
2, 1366031
List the prime factors of 1318059.
3, 48817
What are the prime factors of 8417182?
2, 31, 349, 389
What are the prime factors of 1081315?
5, 216263
List the prime factors of 18456623.
18456623
What are the prime factors of 978619?
978619
What are the prime factors of 86830?
2, 5, 19, 457
What are the prime factors o